alculate the highest common divisor of 45 and d.
9
Let j = -6 + 9. Suppose -4*a + 4*w + 16 = 0, 40 = 4*a - w + j*w. What is the greatest common factor of a and 1?
1
Let p(w) = -4*w + 1. Let g be p(-3). What is the greatest common factor of g and 104?
13
Let l(d) = -3*d - 5. Let b be l(-4). Let o = b - 3. Suppose -19 = -2*m + m - o*c, -3*c = -4*m. Calculate the highest common divisor of 9 and m.
3
Suppose c - 7 = 4. Calculate the greatest common divisor of 88 and c.
11
Let x be 3 + -2 - 4 - -17. Calculate the highest common factor of x and 56.
14
Let z be (-6)/(-21) + 124/7. Let p = -13 + z. Suppose 2*q = 4*q + 5*j - 18, 0 = p*q - 4*j - 45. Calculate the greatest common factor of q and 99.
9
Let z be (-585)/(-10) - 9/(-6). Calculate the greatest common factor of 15 and z.
15
Suppose 0 = -7*n + n + 198. What is the greatest common divisor of n and 3?
3
Let x be 0/((1 - 2)*1). Suppose 81 = 4*y - 5*u, x*y + 34 = y - 4*u. Calculate the highest common divisor of y and 2.
2
Let g = -7 - -15. Let b be (2/3)/(g/924). What is the highest common divisor of 7 and b?
7
Suppose 5*g + 150 - 10 = 0. Let z = -17 - g. What is the greatest common divisor of 33 and z?
11
Let k be ((-18)/(-8))/(12/32). Suppose -k = -s - 2. Suppose 2*v = q + 2*q - 26, s*q - 3*v - 36 = 0. What is the greatest common divisor of q and 6?
6
Let q = -37 - -103. What is the highest common divisor of 6 and q?
6
Let h = 22 - 19. Calculate the greatest common factor of 33 and h.
3
Let m(i) = i**2 + 5*i - 2. Let c be m(-6). What is the greatest common factor of c and 44?
4
Let z(s) = s**3 - 9*s**2 - 3*s - 10. Let i be z(10). What is the highest common divisor of 48 and i?
12
Let w(j) = j**2 - 9*j - 4. Let d be w(10). What is the greatest common factor of 48 and d?
6
Let x(o) = o**3 + 4*o**2 + 4*o + 3. Let c be x(-2). Suppose c*f = 12 + 33. Calculate the greatest common factor of 135 and f.
15
Let a = -15 - -47. Calculate the greatest common divisor of a and 80.
16
Let p be 9/5*(9 + -4). Suppose 0*a + 45 = a. Calculate the greatest common factor of a and p.
9
Let s(q) = 2*q**2 - q - 1. Let p be s(-2). Suppose -2*r - r - p = 0. Let b be (-24)/r*3*1. Calculate the highest common factor of 3 and b.
3
Suppose -58 = -h + 4*a, -4*h - 2*a = -0*a - 286. What is the greatest common factor of 10 and h?
10
Let u = 368 - -37. Calculate the highest common factor of 45 and u.
45
Let b(o) = o + 2. Let y(z) = -z - 5. Let r(m) = -14*b(m) - 6*y(m). Let x be r(-2). Calculate the highest common divisor of x and 126.
18
Let b(g) = -g - 4. Let x be b(0). Let i(o) = -o**2 - 6*o + 1. Let h be i(x). Calculate the greatest common factor of h and 63.
9
Let i(x) = -4*x**3 - x**2 + 2*x + 3. Let p = -3 + 1. Let q be i(p). Suppose -9 = m - q. Calculate the highest common divisor of 126 and m.
18
Let l be 1/6 - 321/(-18). Let p(k) = k**2 - 2. Let t be p(2). Suppose -t*v + 66 + 114 = 0. Calculate the greatest common factor of v and l.
18
Let w be (18 - 21)/((-1)/3). Calculate the highest common factor of w and 9.
9
Let w = -22 - -30. Calculate the greatest common factor of w and 32.
8
Let y be 86/4 + 16/(-32). What is the highest common factor of 168 and y?
21
Let o be (-6)/8 - (-95)/20. Suppose 5*v = 4*h + 3 + 44, -h = o*v - 25. Suppose -2*p = 0, 4*f - p = 4*p + 308. Calculate the greatest common divisor of v and f.
7
Let i be (3 - -1) + 50 + -1 + -8. What is the highest common divisor of i and 18?
9
Suppose 0*y + 3*y - 5*p - 13 = 0, 23 = 3*y + 5*p. Suppose 2*n + 352 = y*n. What is the greatest common divisor of n and 11?
11
Let k(a) = -a**2 - 4*a + 7. Let o be k(-4). What is the highest common divisor of o and 7?
7
Suppose 0 = 5*c - 5*r + 5, -10 = -4*c + r - 2. Suppose 5*y = -5*z + 230, -2*z - 2*z - c*y = -188. What is the greatest common factor of z and 20?
10
Let q(j) = 2*j - 2. Let s be q(3). Suppose -88 = -s*a + 3*l, -6*a + a - 2*l = -110. Let b = a + 6. What is the greatest common divisor of 4 and b?
4
Let y(i) = -i**3 + 7*i**2 - 4*i + 6. Let s be y(5). Suppose 0 = 3*n - 3*d - 84, -3*n = 3*d - 2*d - 68. What is the greatest common divisor of n and s?
12
Let a be 1 - (3 + -1) - -26. Let s = -16 + a. Let z = 0 - -1. What is the highest common divisor of s and z?
1
Let l be 141/(-9) - (-12)/18. Let q be -8*(l/(-6))/(-5). What is the greatest common factor of q and 20?
4
Let u be 2 + 103 - 0/(-1). What is the greatest common divisor of u and 21?
21
Suppose -149 = -4*a - 37. What is the highest common divisor of 7 and a?
7
Let g(q) = q**3 + 3*q**2 - q - 8. Let o be g(-3). Let i(w) = 3 - w + 0*w**2 + 2*w**2 + 2*w. Let k be i(o). Calculate the highest common divisor of k and 16.
16
Suppose 13 = 2*g - 27. Calculate the highest common divisor of g and 100.
20
Let w(q) = -5*q - 8. Let x be w(-7). What is the greatest common divisor of x and 297?
27
Suppose -3*h - a + 87 = 2*h, -4*h + a + 75 = 0. Calculate the highest common factor of 54 and h.
18
Let q(p) = 36*p**2 + 4*p + 7. Let x be q(-2). What is the greatest common factor of 13 and x?
13
Let s(r) = r**3 + 5*r**2 - 3*r - 7. Let i be s(-5). Suppose -j + i = -0*j. Suppose -j*q + 330 = -5*q. What is the highest common divisor of 10 and q?
10
Let h(q) = -q - 3. Let d be h(-6). Let y be -2 + d/(0 - -3). Let x be (1 - y) + (2 - -2). Calculate the highest common divisor of 4 and x.
2
Suppose r - 4 = 0, -2*c - 5*r + 253 + 165 = 0. Suppose 0 = 3*z - c - 263. Let w = z - 77. Calculate the greatest common factor of 7 and w.
7
Suppose -5*j = 4*y + 424, 0*j - 5*y = 4*j + 332. Let k = 160 + j. What is the highest common divisor of 18 and k?
18
Let f be (-60)/(-75) - (-1 + (-82)/10). Suppose h = 4*k + 20, -4*h + 3*h + 20 = 4*k. Calculate the highest common divisor of h and f.
10
Let b(c) = c. Let f be b(14). Calculate the greatest common divisor of f and 112.
14
Suppose 5*p + 3 = 8. Let a = 13 - 20. Let t = a + 11. What is the greatest common divisor of p and t?
1
Let v(u) = 3*u - 5. Let i be v(4). Calculate the highest common factor of i and 14.
7
Suppose 0 = -8*o + 3*o + 900. Suppose k + o = 5*k. Calculate the greatest common factor of k and 9.
9
Suppose 4*j - r - 24 = 0, -j - 2*j = -5*r - 18. Calculate the highest common divisor of j and 15.
3
Let s = -33 - -43. Let v be (-2)/(-3) + (-26)/(-6). Suppose -v*q = -p - 120, q + 3*p - 50 = -2*p. Calculate the highest common divisor of q and s.
5
Let q(v) = -31*v + 5. Let z be q(-3). Suppose -2*b + 4*b = z. Calculate the greatest common divisor of b and 7.
7
Suppose 96 = 2*a + 2*c, -a - 4*c = -c - 44. What is the greatest common factor of a and 125?
25
Let t be -5 + 15 + 0 + -4. What is the greatest common factor of 102 and t?
6
Suppose 0 - 40 = -3*b - 2*j, 2*b + 5*j - 12 = 0. What is the highest common factor of b and 32?
16
Suppose -2*t + 25 = 5. What is the highest common divisor of 40 and t?
10
Suppose -143 = -z + 145. Calculate the highest common divisor of z and 32.
32
Let r(g) = -g**2 - 9*g - 8. Let n be r(-8). Suppose 0 = -4*z + 52 - n. Suppose -s + 0*s + z = 0. Calculate the greatest common factor of s and 143.
13
Suppose 4*n - 52 = -8. Suppose 4*t - 144 = -4*g, g - t - 23 - n = 0. Suppose 4*o = 8*o - 56. Calculate the highest common factor of o and g.
7
Suppose -w = -5*a + 3*w + 103, 4*a = w + 78. What is the highest common divisor of 152 and a?
19
Suppose q + 89 = -2*x, 5*x - 2*q + 42 = 4*x. Let o = x + 65. Calculate the highest common factor of o and 14.
7
Let p = 0 - -4. Suppose -p*f + f + 363 = 0. What is the highest common factor of f and 11?
11
Let y(z) = 3*z**2 + 12*z - 14. Let p be y(-10). Let h be 1*(2 + p)/3. Calculate the greatest common factor of h and 8.
8
Let n = -43 - -72. Calculate the highest common divisor of n and 319.
29
Let c = -21 - -36. Calculate the greatest common factor of c and 75.
15
Let t = -132 - -138. What is the highest common divisor of t and 2?
2
Let i(k) = 2*k**3 - 3*k**2 - 6*k - 8. Let u be i(4). What is the highest common divisor of 16 and u?
16
Suppose -18 - 90 = -3*x. Calculate the greatest common divisor of 24 and x.
12
Suppose 0 = -y + 3, -2*c = -c + 2*y - 34. What is the greatest common factor of 7 and c?
7
Let b(x) = 10*x - 1. Let g be b(1). Suppose -g = -5*h + 1. Let d be (-50)/(-6) - h/6. What is the greatest common factor of d and 88?
8
Suppose 9*s - 205 = 4*s. What is the highest co